{"id":2091,"date":"2025-04-17T17:42:26","date_gmt":"2025-04-17T15:42:26","guid":{"rendered":"https:\/\/valleproperties.eu\/?post_type=product&#038;p=2091"},"modified":"2025-04-17T18:26:16","modified_gmt":"2025-04-17T16:26:16","slug":"casa-del-sol","status":"publish","type":"product","link":"https:\/\/valleproperties.eu\/fr\/produit\/casa-del-sol\/","title":{"rendered":"Casa del Sol"},"content":{"rendered":"<h3 class=\"\" data-start=\"200\" data-end=\"277\">\ud83c\udfd6\ufe0f Tu lugar para desconectar: sol, relax y vistas en la Costa del Sol<\/h3>\n<p>Descubre nuestro encantador apartamento de 2 habitaciones, un espacio pensado para el descanso y el disfrute en la costa. Desde su acogedora terraza podr\u00e1s contemplar agradables vistas parciales al mar, el lugar perfecto para relajarte con un caf\u00e9 por la ma\u00f1ana o una copa al atardecer.<\/p>\n<p>Las habitaciones, luminosas y confortables, invitan al descanso tras un d\u00eda de sol y playa. La cocina, totalmente equipada, y el amplio sal\u00f3n con acceso directo a la terraza crean un ambiente ideal para compartir momentos especiales en pareja, en familia o con amigos.<\/p>\n<p>Ubicado en una tranquila urbanizaci\u00f3n privada, el apartamento ofrece acceso a zonas ajardinadas, una piscina comunitaria y plaza de aparcamiento exterior. Todo pensado para que disfrutes de una estancia c\u00f3moda, segura y sin preocupaciones.<\/p>\n<p>\u00bfTe apetece un paseo por los senderos costeros, una caminata por las colinas con vistas impresionantes o una excursi\u00f3n por los encantadores puertos y pueblos de los alrededores?<\/p>\n<p>Explora el arte y la vida de M\u00e1laga, la historia de C\u00e1diz o las calles de Casares, y al regresar, rel\u00e1jate con un chapuz\u00f3n en la piscina o una tarde de descanso en la playa.<\/p>\n<p>\ud83c\udf34 T\u00fa decides el ritmo. Este alojamiento es el punto de partida perfecto para descubrir lo mejor de la Costa del Sol.<\/p>","protected":false},"excerpt":{"rendered":"<p>\ud83c\udfd6\ufe0f Tu lugar para desconectar: sol, relax y vistas en la Costa del Sol Descubre nuestro encantador apartamento de 2 habitaciones, un espacio pensado para el descanso y el disfrute en la costa. Desde su acogedora terraza podr\u00e1s contemplar agradables vistas parciales al mar, el lugar perfecto para relajarte con un caf\u00e9 por la ma\u00f1ana [&hellip;]<\/p>","protected":false},"featured_media":2097,"comment_status":"open","ping_status":"closed","template":"","meta":{"content-type":""},"product_brand":[],"product_cat":[52,51],"product_tag":[],"class_list":{"0":"post-2091","1":"product","2":"type-product","3":"status-publish","4":"has-post-thumbnail","6":"product_cat-alquiler-vacacional","7":"product_cat-propiedades","9":"first","10":"instock","11":"sold-individually","12":"taxable","13":"shipping-taxable","14":"purchasable","15":"product-type-jet_booking"},"_links":{"self":[{"href":"https:\/\/valleproperties.eu\/fr\/wp-json\/wp\/v2\/product\/2091","targetHints":{"allow":["GET"]}}],"collection":[{"href":"https:\/\/valleproperties.eu\/fr\/wp-json\/wp\/v2\/product"}],"about":[{"href":"https:\/\/valleproperties.eu\/fr\/wp-json\/wp\/v2\/types\/product"}],"replies":[{"embeddable":true,"href":"https:\/\/valleproperties.eu\/fr\/wp-json\/wp\/v2\/comments?post=2091"}],"wp:featuredmedia":[{"embeddable":true,"href":"https:\/\/valleproperties.eu\/fr\/wp-json\/wp\/v2\/media\/2097"}],"wp:attachment":[{"href":"https:\/\/valleproperties.eu\/fr\/wp-json\/wp\/v2\/media?parent=2091"}],"wp:term":[{"taxonomy":"product_brand","embeddable":true,"href":"https:\/\/valleproperties.eu\/fr\/wp-json\/wp\/v2\/product_brand?post=2091"},{"taxonomy":"product_cat","embeddable":true,"href":"https:\/\/valleproperties.eu\/fr\/wp-json\/wp\/v2\/product_cat?post=2091"},{"taxonomy":"product_tag","embeddable":true,"href":"https:\/\/valleproperties.eu\/fr\/wp-json\/wp\/v2\/product_tag?post=2091"}],"curies":[{"name":"wp","href":"https:\/\/api.w.org\/{rel}","templated":true}]}}

<h3 class="" data-start="200" data-end="277">🏖️ Tu lugar para desconectar: sol, relax y vistas en la Costa del Sol</h3>
<p>Descubre nuestro encantador apartamento de 2 habitaciones, un espacio pensado para el descanso y el disfrute en la costa. Desde su acogedora terraza podrás contemplar agradables vistas parciales al mar, el lugar perfecto para relajarte con un café por la mañana o una copa al atardecer.</p>
<p>Las habitaciones, luminosas y confortables, invitan al descanso tras un día de sol y playa. La cocina, totalmente equipada, y el amplio salón con acceso directo a la terraza crean un ambiente ideal para compartir momentos especiales en pareja, en familia o con amigos.</p>
<p>Ubicado en una tranquila urbanización privada, el apartamento ofrece acceso a zonas ajardinadas, una piscina comunitaria y plaza de aparcamiento exterior. Todo pensado para que disfrutes de una estancia cómoda, segura y sin preocupaciones.</p>
<p>¿Te apetece un paseo por los senderos costeros, una caminata por las colinas con vistas impresionantes o una excursión por los encantadores puertos y pueblos de los alrededores?</p>
<p>Explora el arte y la vida de Málaga, la historia de Cádiz o las calles de Casares, y al regresar, relájate con un chapuzón en la piscina o una tarde de descanso en la playa.</p>
<p>🌴 Tú decides el ritmo. Este alojamiento es el punto de partida perfecto para descubrir lo mejor de la Costa del Sol.</p>

<p>🏖️ Tu lugar para desconectar: sol, relax y vistas en la Costa del Sol Descubre nuestro encantador apartamento de 2 habitaciones, un espacio pensado para el descanso y el disfrute en la costa. Desde su acogedora terraza podrás contemplar agradables vistas parciales al mar, el lugar perfecto para relajarte con un café por la mañana [&hellip;]</p>
