{"id":2183,"date":"2025-04-17T19:49:49","date_gmt":"2025-04-17T17:49:49","guid":{"rendered":"https:\/\/valleproperties.eu\/?post_type=product&#038;p=2183"},"modified":"2025-04-17T20:21:27","modified_gmt":"2025-04-17T18:21:27","slug":"marina-garden","status":"publish","type":"product","link":"https:\/\/valleproperties.eu\/en\/product\/marina-garden\/","title":{"rendered":"Marina Garden"},"content":{"rendered":"<h3 class=\"\" data-start=\"302\" data-end=\"387\">\ud83c\udf0a Rel\u00e1jate en la Costa del Sol: apartamento con encanto, vistas al mar y piscina<\/h3>\n<p class=\"\" data-start=\"389\" data-end=\"703\">Ubicado en una tranquila urbanizaci\u00f3n rodeada de jardines tropicales, este <strong data-start=\"464\" data-end=\"498\">acogedor apartamento tur\u00edstico<\/strong> es el refugio perfecto para unas vacaciones en familia o con amigos. A solo unos minutos en coche de la playa, y con <strong data-start=\"616\" data-end=\"650\">vistas al mar y a las monta\u00f1as<\/strong>, ofrece un entorno lleno de calma y belleza natural.<\/p>\n<p class=\"\" data-start=\"705\" data-end=\"843\">El apartamento, decorado en un estilo mediterr\u00e1neo moderno y funcional, est\u00e1 dise\u00f1ado para ofrecer <strong data-start=\"804\" data-end=\"842\">confort y comodidad en cada rinc\u00f3n<\/strong>:<\/p>\n<ul data-start=\"844\" data-end=\"1333\">\n<li class=\"\" data-start=\"844\" data-end=\"957\">\n<p class=\"\" data-start=\"846\" data-end=\"957\"><strong data-start=\"846\" data-end=\"863\">2 dormitorios<\/strong>: uno con cama doble y otro con dos camas individuales, ideal para familias o peque\u00f1os grupos.<\/p>\n<\/li>\n<li class=\"\" data-start=\"958\" data-end=\"1072\">\n<p class=\"\" data-start=\"960\" data-end=\"1072\"><strong data-start=\"960\" data-end=\"991\">Un ba\u00f1o completo con ba\u00f1era<\/strong> y un segundo aseo que incorpora la lavadora, perfecto para estancias m\u00e1s largas.<\/p>\n<\/li>\n<li class=\"\" data-start=\"1073\" data-end=\"1182\">\n<p class=\"\" data-start=\"1075\" data-end=\"1182\"><strong data-start=\"1075\" data-end=\"1113\">Cocina abierta totalmente equipada<\/strong>, con todos los utensilios necesarios para que cocinar sea un placer.<\/p>\n<\/li>\n<li class=\"\" data-start=\"1183\" data-end=\"1333\">\n<p class=\"\" data-start=\"1185\" data-end=\"1333\"><strong data-start=\"1185\" data-end=\"1203\">Sal\u00f3n luminoso<\/strong> con acceso directo a una <strong data-start=\"1229\" data-end=\"1259\">terraza a nivel del jard\u00edn<\/strong>, con comedor exterior y vistas relajantes al mar y al jard\u00edn comunitario.<\/p>\n<\/li>\n<\/ul>\n<p class=\"\" data-start=\"1335\" data-end=\"1448\">Disfruta de tus desayunos al aire libre o de una copa de vino al atardecer en un entorno natural y sin ruidos. \ud83c\udf05<\/p>\n<p class=\"\" data-start=\"1450\" data-end=\"1746\">La urbanizaci\u00f3n ofrece <strong data-start=\"1473\" data-end=\"1553\">una magn\u00edfica piscina comunitaria con vistas panor\u00e1micas al mar y la monta\u00f1a<\/strong>, rodeada de zonas verdes, sombrillas y tumbonas donde podr\u00e1s desconectar por completo. Los jardines con <strong data-start=\"1658\" data-end=\"1704\">vegetaci\u00f3n ex\u00f3tica y bancos para descansar<\/strong> invitan a pasear y respirar tranquilidad.<\/p>\n<p class=\"\" data-start=\"1748\" data-end=\"1847\">\ud83d\ude97 Para mayor comodidad, cuentas con <strong data-start=\"1785\" data-end=\"1819\">plaza de aparcamiento exterior<\/strong> dentro del recinto cerrado.<\/p>\n<p class=\"\" data-start=\"1849\" data-end=\"2041\">\ud83c\udf34 Este alojamiento combina ubicaci\u00f3n, tranquilidad y estilo, haciendo de \u00e9l el punto de partida perfecto para explorar la Costa del Sol y disfrutar del clima mediterr\u00e1neo durante todo el a\u00f1o.<\/p>","protected":false},"excerpt":{"rendered":"<p>\ud83c\udf0a Rel\u00e1jate en la Costa del Sol: apartamento con encanto, vistas al mar y piscina Ubicado en una tranquila urbanizaci\u00f3n rodeada de jardines tropicales, este acogedor apartamento tur\u00edstico es el refugio perfecto para unas vacaciones en familia o con amigos. A solo unos minutos en coche de la playa, y con vistas al mar y [&hellip;]<\/p>","protected":false},"featured_media":2185,"comment_status":"open","ping_status":"closed","template":"","meta":{"content-type":""},"product_brand":[],"product_cat":[52,51],"product_tag":[],"class_list":{"0":"post-2183","1":"product","2":"type-product","3":"status-publish","4":"has-post-thumbnail","6":"product_cat-alquiler-vacacional","7":"product_cat-propiedades","9":"first","10":"instock","11":"sold-individually","12":"taxable","13":"shipping-taxable","14":"purchasable","15":"product-type-jet_booking"},"_links":{"self":[{"href":"https:\/\/valleproperties.eu\/en\/wp-json\/wp\/v2\/product\/2183","targetHints":{"allow":["GET"]}}],"collection":[{"href":"https:\/\/valleproperties.eu\/en\/wp-json\/wp\/v2\/product"}],"about":[{"href":"https:\/\/valleproperties.eu\/en\/wp-json\/wp\/v2\/types\/product"}],"replies":[{"embeddable":true,"href":"https:\/\/valleproperties.eu\/en\/wp-json\/wp\/v2\/comments?post=2183"}],"wp:featuredmedia":[{"embeddable":true,"href":"https:\/\/valleproperties.eu\/en\/wp-json\/wp\/v2\/media\/2185"}],"wp:attachment":[{"href":"https:\/\/valleproperties.eu\/en\/wp-json\/wp\/v2\/media?parent=2183"}],"wp:term":[{"taxonomy":"product_brand","embeddable":true,"href":"https:\/\/valleproperties.eu\/en\/wp-json\/wp\/v2\/product_brand?post=2183"},{"taxonomy":"product_cat","embeddable":true,"href":"https:\/\/valleproperties.eu\/en\/wp-json\/wp\/v2\/product_cat?post=2183"},{"taxonomy":"product_tag","embeddable":true,"href":"https:\/\/valleproperties.eu\/en\/wp-json\/wp\/v2\/product_tag?post=2183"}],"curies":[{"name":"wp","href":"https:\/\/api.w.org\/{rel}","templated":true}]}}

<h3 class="" data-start="302" data-end="387">🌊 Relájate en la Costa del Sol: apartamento con encanto, vistas al mar y piscina</h3>
<p class="" data-start="389" data-end="703">Ubicado en una tranquila urbanización rodeada de jardines tropicales, este <strong data-start="464" data-end="498">acogedor apartamento turístico</strong> es el refugio perfecto para unas vacaciones en familia o con amigos. A solo unos minutos en coche de la playa, y con <strong data-start="616" data-end="650">vistas al mar y a las montañas</strong>, ofrece un entorno lleno de calma y belleza natural.</p>
<p class="" data-start="705" data-end="843">El apartamento, decorado en un estilo mediterráneo moderno y funcional, está diseñado para ofrecer <strong data-start="804" data-end="842">confort y comodidad en cada rincón</strong>:</p>
<ul data-start="844" data-end="1333">
<li class="" data-start="844" data-end="957">
<p class="" data-start="846" data-end="957"><strong data-start="846" data-end="863">2 dormitorios</strong>: uno con cama doble y otro con dos camas individuales, ideal para familias o pequeños grupos.</p>
</li>
<li class="" data-start="958" data-end="1072">
<p class="" data-start="960" data-end="1072"><strong data-start="960" data-end="991">Un baño completo con bañera</strong> y un segundo aseo que incorpora la lavadora, perfecto para estancias más largas.</p>
</li>
<li class="" data-start="1073" data-end="1182">
<p class="" data-start="1075" data-end="1182"><strong data-start="1075" data-end="1113">Cocina abierta totalmente equipada</strong>, con todos los utensilios necesarios para que cocinar sea un placer.</p>
</li>
<li class="" data-start="1183" data-end="1333">
<p class="" data-start="1185" data-end="1333"><strong data-start="1185" data-end="1203">Salón luminoso</strong> con acceso directo a una <strong data-start="1229" data-end="1259">terraza a nivel del jardín</strong>, con comedor exterior y vistas relajantes al mar y al jardín comunitario.</p>
</li>
</ul>
<p class="" data-start="1335" data-end="1448">Disfruta de tus desayunos al aire libre o de una copa de vino al atardecer en un entorno natural y sin ruidos. 🌅</p>
<p class="" data-start="1450" data-end="1746">La urbanización ofrece <strong data-start="1473" data-end="1553">una magnífica piscina comunitaria con vistas panorámicas al mar y la montaña</strong>, rodeada de zonas verdes, sombrillas y tumbonas donde podrás desconectar por completo. Los jardines con <strong data-start="1658" data-end="1704">vegetación exótica y bancos para descansar</strong> invitan a pasear y respirar tranquilidad.</p>
<p class="" data-start="1748" data-end="1847">🚗 Para mayor comodidad, cuentas con <strong data-start="1785" data-end="1819">plaza de aparcamiento exterior</strong> dentro del recinto cerrado.</p>
<p class="" data-start="1849" data-end="2041">🌴 Este alojamiento combina ubicación, tranquilidad y estilo, haciendo de él el punto de partida perfecto para explorar la Costa del Sol y disfrutar del clima mediterráneo durante todo el año.</p>

<p>🌊 Relájate en la Costa del Sol: apartamento con encanto, vistas al mar y piscina Ubicado en una tranquila urbanización rodeada de jardines tropicales, este acogedor apartamento turístico es el refugio perfecto para unas vacaciones en familia o con amigos. A solo unos minutos en coche de la playa, y con vistas al mar y [&hellip;]</p>
