{"id":2117,"date":"2025-04-17T19:09:45","date_gmt":"2025-04-17T17:09:45","guid":{"rendered":"https:\/\/valleproperties.eu\/?post_type=product&#038;p=2117"},"modified":"2025-04-17T21:09:46","modified_gmt":"2025-04-17T19:09:46","slug":"happy-days","status":"publish","type":"product","link":"https:\/\/valleproperties.eu\/en\/product\/happy-days\/","title":{"rendered":"Happy Days"},"content":{"rendered":"<h3 class=\"\" data-start=\"214\" data-end=\"293\">\ud83c\udfd6\ufe0f Piso familiar con encanto n\u00f3rdico, vistas y piscina en la Costa del Sol<\/h3>\n<p class=\"\" data-start=\"295\" data-end=\"511\">\u00bfSue\u00f1as con unas vacaciones en familia llenas de sol, relax y comodidad? Este acogedor apartamento de estilo n\u00f3rdico, luminoso y moderno, es el lugar perfecto para desconectar y disfrutar del ritmo tranquilo del sur.<\/p>\n<p class=\"\" data-start=\"513\" data-end=\"719\">Ubicado en una tranquila urbanizaci\u00f3n entre Estepona y Sotogrande, ofrece una localizaci\u00f3n estrat\u00e9gica para explorar lo mejor de la Costa del Sol: playas, pueblos con encanto, gastronom\u00eda local y mucho m\u00e1s.<\/p>\n<p class=\"\" data-start=\"721\" data-end=\"1018\">El apartamento cuenta con climatizaci\u00f3n y una <strong data-start=\"767\" data-end=\"828\">preciosa terraza privada con vistas al mar y a la monta\u00f1a<\/strong>, ideal para desayunos al aire libre o cenas con la brisa del atardecer. Su interior, decorado con un estilo escandinavo c\u00e1lido y actual, te har\u00e1 sentir como en casa desde el primer momento.<\/p>\n<p class=\"\" data-start=\"1020\" data-end=\"1473\">La urbanizaci\u00f3n es un aut\u00e9ntico oasis de paz. Est\u00e1 rodeada de <strong data-start=\"1082\" data-end=\"1117\">jardines con vegetaci\u00f3n ex\u00f3tica<\/strong>, caminos sombreados y bancos donde relajarte leyendo o simplemente disfrutando del entorno. Estos caminos te conducen a una <strong data-start=\"1242\" data-end=\"1275\">magn\u00edfica piscina comunitaria<\/strong>, desde donde podr\u00e1s contemplar <strong data-start=\"1307\" data-end=\"1364\">espectaculares vistas panor\u00e1micas al mar y la monta\u00f1a<\/strong>. La zona de sol\u00e1rium, equipada con <strong data-start=\"1400\" data-end=\"1425\">tumbonas y sombrillas<\/strong>, es ideal para desconectar bajo el sol andaluz.<\/p>\n<p class=\"\" data-start=\"1475\" data-end=\"1616\">Adem\u00e1s, el complejo dispone de <strong data-start=\"1506\" data-end=\"1546\">plazas de aparcamiento al aire libre<\/strong>, para que no tengas que preocuparte por el coche durante tu estancia.<\/p>\n<p class=\"\" data-start=\"1618\" data-end=\"1749\">\ud83c\udf34 Naturaleza, confort, estilo y ubicaci\u00f3n: todo en un solo lugar para unas vacaciones inolvidables en familia en la Costa del Sol.<\/p>","protected":false},"excerpt":{"rendered":"<p>\ud83c\udfd6\ufe0f Piso familiar con encanto n\u00f3rdico, vistas y piscina en la Costa del Sol \u00bfSue\u00f1as con unas vacaciones en familia llenas de sol, relax y comodidad? Este acogedor apartamento de estilo n\u00f3rdico, luminoso y moderno, es el lugar perfecto para desconectar y disfrutar del ritmo tranquilo del sur. Ubicado en una tranquila urbanizaci\u00f3n entre Estepona [&hellip;]<\/p>","protected":false},"featured_media":2135,"comment_status":"open","ping_status":"closed","template":"","meta":{"content-type":""},"product_brand":[],"product_cat":[52,51],"product_tag":[],"class_list":{"0":"post-2117","1":"product","2":"type-product","3":"status-publish","4":"has-post-thumbnail","6":"product_cat-alquiler-vacacional","7":"product_cat-propiedades","9":"first","10":"instock","11":"sold-individually","12":"taxable","13":"shipping-taxable","14":"purchasable","15":"product-type-jet_booking"},"_links":{"self":[{"href":"https:\/\/valleproperties.eu\/en\/wp-json\/wp\/v2\/product\/2117","targetHints":{"allow":["GET"]}}],"collection":[{"href":"https:\/\/valleproperties.eu\/en\/wp-json\/wp\/v2\/product"}],"about":[{"href":"https:\/\/valleproperties.eu\/en\/wp-json\/wp\/v2\/types\/product"}],"replies":[{"embeddable":true,"href":"https:\/\/valleproperties.eu\/en\/wp-json\/wp\/v2\/comments?post=2117"}],"wp:featuredmedia":[{"embeddable":true,"href":"https:\/\/valleproperties.eu\/en\/wp-json\/wp\/v2\/media\/2135"}],"wp:attachment":[{"href":"https:\/\/valleproperties.eu\/en\/wp-json\/wp\/v2\/media?parent=2117"}],"wp:term":[{"taxonomy":"product_brand","embeddable":true,"href":"https:\/\/valleproperties.eu\/en\/wp-json\/wp\/v2\/product_brand?post=2117"},{"taxonomy":"product_cat","embeddable":true,"href":"https:\/\/valleproperties.eu\/en\/wp-json\/wp\/v2\/product_cat?post=2117"},{"taxonomy":"product_tag","embeddable":true,"href":"https:\/\/valleproperties.eu\/en\/wp-json\/wp\/v2\/product_tag?post=2117"}],"curies":[{"name":"wp","href":"https:\/\/api.w.org\/{rel}","templated":true}]}}

<h3 class="" data-start="214" data-end="293">🏖️ Piso familiar con encanto nórdico, vistas y piscina en la Costa del Sol</h3>
<p class="" data-start="295" data-end="511">¿Sueñas con unas vacaciones en familia llenas de sol, relax y comodidad? Este acogedor apartamento de estilo nórdico, luminoso y moderno, es el lugar perfecto para desconectar y disfrutar del ritmo tranquilo del sur.</p>
<p class="" data-start="513" data-end="719">Ubicado en una tranquila urbanización entre Estepona y Sotogrande, ofrece una localización estratégica para explorar lo mejor de la Costa del Sol: playas, pueblos con encanto, gastronomía local y mucho más.</p>
<p class="" data-start="721" data-end="1018">El apartamento cuenta con climatización y una <strong data-start="767" data-end="828">preciosa terraza privada con vistas al mar y a la montaña</strong>, ideal para desayunos al aire libre o cenas con la brisa del atardecer. Su interior, decorado con un estilo escandinavo cálido y actual, te hará sentir como en casa desde el primer momento.</p>
<p class="" data-start="1020" data-end="1473">La urbanización es un auténtico oasis de paz. Está rodeada de <strong data-start="1082" data-end="1117">jardines con vegetación exótica</strong>, caminos sombreados y bancos donde relajarte leyendo o simplemente disfrutando del entorno. Estos caminos te conducen a una <strong data-start="1242" data-end="1275">magnífica piscina comunitaria</strong>, desde donde podrás contemplar <strong data-start="1307" data-end="1364">espectaculares vistas panorámicas al mar y la montaña</strong>. La zona de solárium, equipada con <strong data-start="1400" data-end="1425">tumbonas y sombrillas</strong>, es ideal para desconectar bajo el sol andaluz.</p>
<p class="" data-start="1475" data-end="1616">Además, el complejo dispone de <strong data-start="1506" data-end="1546">plazas de aparcamiento al aire libre</strong>, para que no tengas que preocuparte por el coche durante tu estancia.</p>
<p class="" data-start="1618" data-end="1749">🌴 Naturaleza, confort, estilo y ubicación: todo en un solo lugar para unas vacaciones inolvidables en familia en la Costa del Sol.</p>

<p>🏖️ Piso familiar con encanto nórdico, vistas y piscina en la Costa del Sol ¿Sueñas con unas vacaciones en familia llenas de sol, relax y comodidad? Este acogedor apartamento de estilo nórdico, luminoso y moderno, es el lugar perfecto para desconectar y disfrutar del ritmo tranquilo del sur. Ubicado en una tranquila urbanización entre Estepona [&hellip;]</p>
